2800980 a multiple of 36?
True
Is 3076080 a multiple of 12?
True
Is 112 a factor of 3559472?
True
Is 56 a factor of 262363?
False
Does 3 divide 9221?
False
Is 66 a factor of 3789575?
False
Is 248005 a multiple of 257?
True
Is 8 a factor of 27024?
True
Is 9 a factor of 3618?
True
Is 6988265 a multiple of 122?
False
Is 4 a factor of 2053116?
True
Does 165 divide 3497340?
True
Is 859 a factor of 7815182?
True
Is 163 a factor of 11686763?
False
Does 4 divide 836168?
True
Is 72113 a multiple of 2?
False
Is 21320698 a multiple of 17?
False
Is 245 a factor of 733923?
False
Is 3037150 a multiple of 115?
True
Is 136956 a multiple of 101?
True
Does 578 divide 155482?
True
Does 956 divide 544920?
True
Does 22 divide 148241?
False
Is 711441 a multiple of 577?
True
Does 28 divide 670592?
False
Is 4 a factor of 2770520?
True
Is 105198 a multiple of 4?
False
Is 249146 a multiple of 12?
False
Is 13 a factor of 514020?
True
Does 102 divide 6822780?
True
Does 103 divide 14008?
True
Is 253 a factor of 763494?
False
Is 393 a factor of 9405276?
True
Is 357 a factor of 359219?
False
Is 11 a factor of 338261?
True
Is 12 a factor of 93947?
False
Is 638358 a multiple of 6?
True
Is 339270 a multiple of 61?
False
Is 2077224 a multiple of 41?
True
Is 14100208 a multiple of 324?
False
Does 656 divide 736688?
True
Is 2115616 a multiple of 34?
True
Does 503 divide 2952094?
False
Does 32 divide 41984?
True
Is 8419398 a multiple of 13?
True
Is 68291 a multiple of 14?
False
Is 5428935 a multiple of 15?
True
Is 12280175 a multiple of 515?
True
Does 346 divide 4201132?
True
Does 1020 divide 692580?
True
Is 44470 a multiple of 41?
False
Is 53491 a multiple of 149?
True
Is 20 a factor of 1648633?
False
Is 665133 a multiple of 133?
True
Does 10 divide 1256118?
False
Is 211580 a multiple of 14?
False
Is 34 a factor of 68850?
True
Is 1205592 a multiple of 77?
False
Is 11817964 a multiple of 11?
False
Is 686 a factor of 9579582?
False
Does 45 divide 81090?
True
Does 6 divide 3983976?
True
Does 7 divide 233804?
False
Is 360589 a multiple of 20?
False
Does 15 divide 189058?
False
Does 114 divide 179971?
False
Does 266 divide 442890?
True
Does 26 divide 20150?
True
Is 10181 a multiple of 5?
False
Is 174911 a multiple of 153?
False
Is 2845096 a multiple of 1906?
False
Does 51 divide 432341?
False
Does 206 divide 148949?
False
Does 23 divide 113373?
False
Is 6809616 a multiple of 594?
True
Does 16 divide 198224?
True
Is 116270 a multiple of 198?
False
Is 85757 a multiple of 13?
False
Is 89 a factor of 42097?
True
Is 223676 a multiple of 281?
True
Is 13188 a multiple of 14?
True
Is 475710 a multiple of 606?
True
Is 14 a factor of 32284?
True
Is 115250 a multiple of 25?
True
Is 12 a factor of 198660?
True
Is 367806 a multiple of 3?
True
Is 180068 a multiple of 236?
True
Is 36450 a multiple of 3?
True
Is 17 a factor of 4547075?
True
Does 11 divide 420831?
False
Is 15678 a multiple of 9?
True
Is 11 a factor of 50901?
False
Is 5 a factor of 78695?
True
Does 18 divide 3786804?
True
Is 42124 a multiple of 6?
False
Does 349 divide 211145?
True
Does 10 divide 48230?
True
Is 167 a factor of 4584821?
False
Is 130 a factor of 150410?
True
Is 20952334 a multiple of 126?
False
Is 132097 a multiple of 26?
False
Is 375 a factor of 5587?
False
Is 57433 a multiple of 2?
False
Does 33 divide 572420?
False
Does 18 divide 16870491?
False
Is 70 a factor of 138206?
False
Is 182936 a multiple of 21?
False
Is 4 a factor of 961380?
True
Is 477 a factor of 549027?
True
Is 17 a factor of 748102?
True
Is 50 a factor of 921050?
True
Does 6 divide 176466?
True
Does 38 divide 83849?
False
Does 333 divide 2923074?
True
Does 61 divide 501441?
False
Is 8 a factor of 754400?
True
Is 20 a factor of 261249?
False
Is 1087144 a multiple of 54?
False
Is 56 a factor of 293888?
True
Is 5448056 a multiple of 23?
True
Is 35 a factor of 16325?
False
Is 3966814 a multiple of 578?
True
Is 997694 a multiple of 1304?
False
Does 2 divide 3756?
True
Is 26 a factor of 1121510?
True
Does 5 divide 139907?
False
Is 287 a factor of 166173?
True
Is 2449638 a multiple of 549?
True
Does 725 divide 1926732?
False
Is 15594936 a multiple of 42?
True
Is 35 a factor of 1012241?
False
Is 426 a factor of 135468?
True
Is 35671 a multiple of 59?
False
Is 23840 a multiple of 10?
True
Is 37354 a multiple of 2?
True
Is 15 a factor of 1118564?
False
Does 411 divide 62883?
True
Is 268 a factor of 7893?
False
Does 59 divide 19925?
False
Does 124 divide 159552?
False
Does 21 divide 170145?
False
Is 49 a factor of 244669?
False
Does 9 divide 7821185?
False
Is 80475 a multiple of 425?
False
Does 108 divide 323136?
True
Is 73 a factor of 2238691?
True
Is 328133 a multiple of 13?
True
Is 4160539 a multiple of 564?
False
Is 41 a factor of 113037?
True
Is 739 a factor of 5100578?
True
Is 11845743 a multiple of 613?
False
Is 33 a factor of 2470644?
True
Is 12 a factor of 43231?
False
Is 17 a factor of 49898?
False
Is 1423079 a multiple of 161?
True
Does 296 divide 34928?
True
Does 8 divide 266960?
True
Does 160 divide 969883?
False
Is 347776 a multiple of 247?
True
Does 8 divide 471768?
True
Is 166091 even?
False
Does 66 divide 643038?
True
Is 425 a factor of 14688604?
False
Does 4 divide 350956?
True
Is 51336 a multiple of 279?
True
Does 564 divide 18172041?
False
Is 771202 a multiple of 16?
False
Is 8838228 a multiple of 7?
True
Does 405 divide 3592755?
True
Is 21 a factor of 13628?
False
Does 37 divide 334412?
False
Is 2663 a multiple of 5?
False
Does 16 divide 3332465?
False
Is 44868 a multiple of 22?
False
Does 6 divide 328333?
False
Is 568358 a multiple of 29?
False
Is 17071458 a multiple of 16?
False
Does 13 divide 567290?
False
Does 138 divide 3829128?
False
Is 176871 a multiple of 23?
False
Is 9509625 a multiple of 225?
True
Is 158 a factor of 11419292?
True
Does 26 divide 448451?
False
Does 6 divide 1530421?
False
Is 120087 a multiple of 9?
True
Is 22 a factor of 70181?
False
Does 4 divide 239028?
True
Does 9 divide 6927183?
True
Is 2870974 a multiple of 21?
False
Is 34 a factor of 378964?
True
Does 310 divide 254200?
True
Is 86989 a multiple of 17?
True
Is 9 a factor of 7838601?
False
Does 18 divide 478998?
True
Is 31 a factor of 790582?
False
Does 3 divide 3392?
False
Is 932621 a multiple of 1196?
False
Is 297 a factor of 198396?
True
Is 110166 a multiple of 903?
True
Is 148608 a multiple of 216?
True
Is 2896647 a multiple of 17?
True
Is 236 a factor of 63747?
False
Does 208 divide 367952?
True
Does 221 divide 354187?
False
Is 6691964 a multiple of 1322?
True
Is 5069890 a multiple of 555?
False
Is 116 a factor of 67164?
True
Is 6448299 a multiple of 143?
True
Does 70 divide 1474270?
True
Does 296 divide 2312983?
False
Is 101745 a multiple of 9?
True
Is 14438 a multiple of 3?
False
Does 60 divide 1465720?
False
Is 828 a factor of 297252?
True
Does 40 divide 2748150?
False
Does 54 divide 6294511?
False
Is 43 a factor of 1668067?
False
Is 116116 a multiple of 143?
True
Is 44 a factor of 60456?
True
Is 1628632 a multiple of 11?
False
Is 247 a factor of 943196?
False
Does 9 divide 130469?
False
Is 693 a factor of 4248090?
True
Is 2049333 a multiple of 281?
True
Is 248961 a multiple of 6?
False
Is 288 a factor of 18110016?
True
Does 18 divide 75073?
False
Is 169689 a multiple of 196?
False
Is 3288816 a multiple of 414?
True
Is 6 a factor of 149628?
True
Is 10584 a multiple of 4?
True
Is 23 a factor of 381?
False
Is 145 a factor of 1625695?
False
Is 97266 a multiple of 356?
False
Does 166 divide 1620084?
False
Is 1490488 a multiple of 12?
False
Does 3 divide 4634301?
True
Is 22 a factor of 44594?
True
Is 2255839 a multiple of 36?
False
Does 10 divide 88240?
True
Does 270 divide 355320?
True
Does 473 divide 191193?
False
Does 199 divide 1136093?
False
Is 794069 a multiple of 40?
False
Does 191 divide 128064?
False
Is 19712 a multiple of 64?
True
Is 221 a factor of 882023?
False
Is 55 a factor of 142228?
False
Does 2 divide 2834?
True
Is 370488 a multiple of 42?
False
Does 203 divide 10207116?
False
Does 122 divide 3274775?
False
Is 946 a factor of 2030114?
False
Is 12194 a multiple of 67?
True
Is 1141047 a multiple of 2?
False
Is 129 a factor of 1482325?
False
Is 4978988 a multiple of 343?
True
Does 10 divide 419750?
True
Is 226 a factor of 269618?
True
Is 54473